umber?
True
Let p = -94 - -98. Let m be (p + -8 - -7) + -3. Suppose m*q - 4*q + 5*n = -9867, q - n - 2466 = 0. Is q a prime number?
False
Let r be 626/(-18) + 76/(-342). Let b(m) = -108*m + 157. Is b(r) a composite number?
True
Let b be (-6)/(-12) + (-146)/(-4). Let h = b + -34. Suppose -93 = -h*u + 3*d + 291, -3*u + 396 = d. Is u composite?
False
Let g be 972/4 + -4 + (2 - 0). Let y = 420 - g. Is y composite?
False
Let x = -19 + 20. Let c be (299 + 2 + x)*1/2. Suppose 3*d = 4*k + c, 4*k - 63 = -d - k. Is d a prime number?
True
Is -2646939*((-34)/272)/(12/32) prime?
True
Let w(n) be the first derivative of 3/2*n**2 + 1259*n + 1. Is w(0) a prime number?
True
Let k(t) = -4*t + 16. Let r be k(0). Suppose 11*q - 20 = r*q. Let o(l) = 31*l**2 - 6*l - 5. Is o(q) prime?
False
Let i = -612 - -642. Is 5/(-6) + ((-298375)/i)/(-25) a composite number?
False
Let d be (38/(-14) - (-2)/(-7)) + 4. Let g(k) = -3582*k + 3. Let b be g(d). Is -2*4/24*b composite?
False
Let x(i) = 966*i + 6481. Is x(130) prime?
False
Suppose 6*v - 4*v - 5*g = 11, 4*v + 4*g - 36 = 0. Let z(h) = h + 6. Let u be z(v). Suppose 0 = -u*o + 16*o - 46. Is o a composite number?
False
Suppose 153392 = -329*a + 337*a. Is a a prime number?
False
Suppose -33*b + 29*b = 2*i - 1985164, -1985164 = -2*i - 5*b. Is i a composite number?
True
Let f = 33455 + 39654. Is f a prime number?
False
Let j(v) = -v**2 - 9*v - 12. Let c be j(-7). Suppose -6*y + y = c*y. Suppose 49*l - 48*l - 1097 = y. Is l a prime number?
True
Let v(j) = -19*j**3 - 4*j**2 - 3. Let y be v(4). Let p = y + 5270. Suppose p = 4*g - 6097. Is g prime?
True
Suppose 0*z - 7*z + 441 = 0. Let c = -59 + z. Suppose -661 = -3*x + c*i, i + 3*i = -x + 215. Is x prime?
False
Let z(r) = 22*r**2 - 12*r + 15. Let t(h) = -h**3 + 7*h**2 - 13*h + 8. Let a be t(5). Is z(a) composite?
True
Suppose 0 = 3*n + u + 283, 0*n - 4*u + 308 = -3*n. Let q = -104 - n. Let i(r) = 69*r**2 - 17*r - 5. Is i(q) a prime number?
True
Let q(n) = n**3 - 6*n**2 + 11*n - 8. Let c be q(4). Is ((-12658)/c)/((5/10)/(-1)) composite?
False
Let y(x) = 2876*x**2 + 469*x + 2827. Is y(-6) prime?
True
Suppose -23*q + 24539 = -18*q + c, -5*q - 3*c = -24547. Is q a composite number?
True
Let c(m) = -1209*m - 9. Let i be c(3). Let d = i + 5231. Let g = 2716 - d. Is g a composite number?
True
Let c(h) = -137*h + 66. Is c(-13) a composite number?
False
Let w be 119/2 + -1 + (-83)/(-166). Let n = -60 + w. Is 1397/2*(-5 - -3)*n a prime number?
False
Suppose -3*y + 1 - 10 = 0, -g - 5*y = -1339. Let n = g + 1905. Is n a prime number?
True
Let q be -7*5/10*(-204)/21. Suppose 30*n = q*n - 1948. Is n prime?
True
Suppose v + 38100 = 51*v. Let d = 2 + 3. Suppose d*a = -a + v. Is a composite?
False
Let b(r) = -2*r**3 + 10*r**2 - 4*r + 23. Let c be b(5). Suppose 3*g = 5*s - 11854, -3*s + c*g + 2*g = -7122. Is s a composite number?
True
Suppose -1809 = -2*h - 23. Let y = 998 + -452. Let w = h - y. Is w a prime number?
True
Suppose -13*t - f - 2787409 = -17*t, -4*t - 2*f = -2787394. Is t prime?
True
Suppose 0 = -524*o + 529*o - 40, -2*o - 1356791 = -3*m. Is m prime?
True
Let m(n) = 5311*n**3 - 18*n**2 + 2*n + 10. Is m(3) a composite number?
True
Let z be -11 + (-8)/(-12)*-3 - -5. Is z/20*-10 - (-52239)/3 a composite number?
False
Let o be (-28)/(-8)*(2 + 4)/(-3). Let i(f) = -139*f + 36. Is i(o) composite?
False
Let x = -60 - -101. Let v = x - 45. Is (-134)/(v/24*4) composite?
True
Let w(l) = -88*l**2 + 3. Let x be w(-5). Let k = 9610 - 10170. Let u = k - x. Is u a prime number?
True
Let v(g) = 127*g**2 - 7*g + 351. Is v(23) a composite number?
True
Suppose -3*d + 4*z = -339775, -3*d + 3*z = -238247 - 101527. Is d a prime number?
False
Suppose 227125723 = 390*j - 97132985 + 28389498. Is j a composite number?
True
Suppose 3364 = 2*a + 3*p, 0 = -a - 0*p - 2*p + 1681. Suppose -177*t + 172*t + a = 0. Is t composite?
False
Let n(f) be the first derivative of f**4/4 - 17*f**3/3 + 21*f**2/2 + 15*f - 40. Is n(18) composite?
True
Is 81805/4*(6 + -2) a composite number?
True
Suppose 0 = 5*k - 404 - 166. Let f = k + -66. Let o = 1609 + f. Is o composite?
False
Let m = -90 - -93. Suppose m*k = 9*k - 7494. Is k composite?
False
Is -22 - 25/(425/(-2447473)) a composite number?
False
Let b = 492273 - 326836. Is b composite?
False
Let s(a) = 2 + 4*a**3 - 2*a + 0 - 5*a**3 + 2 + 3*a**2. Let l be s(3). Is (161/14)/(l/(-4)) a composite number?
False
Let g be 3/((-9)/(-106)) + (-2)/6. Suppose -10 = -5*d - g. Let k(i) = 41*i**2 + i + 35. Is k(d) composite?
True
Let c be (-10)/((-280)/(-21)) + 46/8. Suppose -c*v - 5335 = -10*v. Is v a prime number?
False
Is (-1 - (-28698)/(-10))/(28/(-1610)) composite?
True
Let f = 67169 - 44070. Is f composite?
False
Let t be 2/(((-5)/(1905/3))/(-2)). Suppose t = 7*j - 3447. Is j composite?
True
Let k(w) = w**3 - 70*w**2 - 12*w - 13. Is k(72) prime?
True
Let m(t) = -3*t + 34. Let y be m(10). Suppose y*l = l. Suppose l*d = -5*d + 6455. Is d prime?
True
Let d(l) = -8498*l + 215. Is d(-9) a composite number?
False
Suppose 11*d = 18*d - 98. Suppose -h - d = -8*h. Is -1353*(21/(-9) + h) composite?
True
Let h(w) = -155*w**3 - 17*w**2 - 109*w - 885. Is h(-8) a composite number?
False
Suppose 3*z - 1603020 = -3*p, -4*p + 4*z = -2000727 - 136657. Is p composite?
True
Let z(u) be the third derivative of -u**6/120 + 13*u**5/30 - 13*u**4/12 - 44*u**3/3 - 2*u**2 - 55. Is z(23) a prime number?
False
Let z be ((-63)/(-6))/(12/80). Suppose 0 = z*k - 72*k. Is k + 15/(-20) - (-8013)/12 a prime number?
False
Let m be 82*(4 + -4 + -2). Let f(l) = -22*l + 55. Let q be f(-12). Let i = m + q. Is i prime?
False
Suppose 1808028 + 1755966 = 42*l. Is l composite?
False
Let z(o) = -7*o - 26. Let j be z(-4). Suppose -4*v = j*h - 10934, 9 = -0*h - 3*h. Is v a composite number?
True
Suppose 5*z - 4*r + 27321 = 0, -3*z = -5*r + 6564 + 9839. Let p = 7994 + z. Is p a prime number?
False
Suppose 0 = 22*s - 1036 - 5278. Is s a prime number?
False
Suppose -4937*x + 4956*x = 1627787. Is x composite?
True
Is 3174474/141 - -2*(4 + -1 + 1) a composite number?
True
Let h = 253 + -247. Suppose -h*f = -12210 + 2304. Is f a prime number?
False
Suppose 4*z - 60 = 2*b, 14 - 22 = -z + 4*b. Suppose 18*d - 17798 = z*d. Is d a prime number?
False
Suppose -k - 17*m + 20*m + 1689676 = 0, -3*k = -3*m - 5069082. Is k a prime number?
True
Let o(q) = -9*q + 33 + 11 + 10 - 17. Let i = 73 + -97. Is o(i) a prime number?
False
Let t(d) = 18*d**2 - 36*d + 713. Is t(55) a composite number?
True
Suppose -3*q - 5*z = -6*q + 4, -4*z = -2*q. Suppose 6*r - q = 4*r. Suppose -4*b = -3*a + 4215, 0*b - r*b + 2830 = 2*a. Is a a prime number?
True
Suppose 4*w = -3*q + 459358, -25*w + 20*w = 3*q - 459356. Is q a prime number?
False
Let r(g) be the first derivative of 6*g**4 - g**3/3 - 3*g**2/2 + g - 23. Let z = -7 - -9. Is r(z) a composite number?
True
Is ((-2)/5 - (-50917810)/25) + 0 - -1 composite?
True
Suppose -5*y + 5*p + 20 = -40, -3*y + 36 = 2*p. Let x be (-119)/(-4) - (-3)/y. Let s = -7 + x. Is s a prime number?
True
Let l(z) = -16234*z + 4673. Is l(-11) composite?
False
Let h = 2469 - -6473. Suppose 8*f = 6*f + h. Is f a composite number?
True
Suppose u + 0 = -5, 5*d + u = 1315. Let f = 2479 - d. Is ((-4)/8*2)/((-5)/f) prime?
True
Suppose 2*w + 3*w = 35. Let t(m) = -m**3 + 25*m**2 + 139. Let x be t(24). Suppose -w*k = -12*k + x. Is k prime?
False
Let t = 125083 + -39656. Is t prime?
True
Let x be 17/68 - 44254/(-8). Let v = -2125 + x. Is v composite?
False
Suppose 4*u + 20 = 0, m - 4*u + 0*u = 67207. Let o = m + -45226. Is o a composite number?
False
Suppose -2*g - 6648 = -6*g - 4*d, 5*d - 3339 = -2*g. Suppose -10*p + 13*p + 4*l = 4971, p = l + g. Is p prime?
True
Suppose -8*v + 15*v = 1256542. Is v a composite number?
True
Is 210/168 + (-498767)/(-4) a prime number?
True
Suppose i - 5 = 0, -4*g + 25 = g + 2*i. Is (7/(84/(-1818)))/(g/(-14)) a prime number?
False
Is (149813 - (1 + -7)) + -6 prime?
False
Let v(y) = y**3 + 2*y**2 - 7*y - 2. Let m be v(7). Let f = m + -205. Is f prime?
False
Suppose 14*g - 9*g = 80. Suppose 6*q = 2*q + g. Suppose -5*j = -3*f - 6588, -2*j + q*f = 85 - 2723. Is j a prime number?
False
Suppose -4*l - 5 = 7. Let q be ((-3756)/(-42) - 5) + (-27)/63. Is ((-359)/4)/(l/q) a composite number?
True
Let w(s) = -50*s + 33. Suppose -6